7
Evaluate -5 + (2 - (0 + -1 - -3)).
-5
1 + -3 + (15 + -7 - 3)
3
Evaluate -11 - (-13 - (-2 + -5)).
-5
What is the value of -10 + (5 - 5) + 3?
-7
Calculate 4 + 1 + 0 + -6.
-1
-12 + (0 + 9 - -3)
0
What is -14 - -15 - (1 - (-2 + 0))?
-2
What is the value of 9 + -5 + (0 - 0)?
4
Calculate 9 + 0 + (-52 - -42).
-1
What is -17 + 4 + (2 - 0) + 2?
-9
Evaluate (-4 - (4 + (0 - 5))) + 2.
-1
-8 + (-4 - -18) - 3
3
What is -5 + 4 + (3 - 0) + 0?
2
Evaluate 10 + -15 - (2 + (-5 - -2)).
-4
(0 - 1) + (4 - -2 - 9)
-4
Calculate 6 - (-2 + (-3 + 4 - -3)).
4
What is -8 + (-3 - -9) + 1?
-1
Calculate 3 + -7 + (-5 - -9) + -9.
-9
-1 + 8 + (-2 - 1)
4
What is the value of -7 - (0 + -5 - 7)?
5
(-1 - (-1 + 5)) + (-2 - -1)
-6
Evaluate -1 - -7 - (-91 + 104).
-7
What is 12 - 13 - (-10 + 3) - 8?
-2
Evaluate (13 + -5 - (2 - -9)) + -4.
-7
What is the value of -3 + 6 - (6 - -2)?
-5
What is -57 - -53 - (-6 - -1)?
1
-3 - 2 - (8 + 3 + -11)
-5
What is the value of -17 + 13 + (4 - 1)?
-1
Calculate 4 + -1 + -1 + (2 - 0).
4
Evaluate 5 + -4 + (2 - 4).
-1
What is -8 - -8 - 5 - (-8 + -1)?
4
(-11 - -9) + (2 - 2) + 3
1
What is the value of (0 - 0) + -5 - -5?
0
1 - (1 + -4 + 0)
4
5 + 0 + -2 + -6 + 3
0
2 - (3 + -2 + 2 + -2)
1
Calculate 6 + 13 + -11 - 4.
4
Calculate -3 - ((3 + -1 - 1) + -1).
-3
Evaluate (2 + 3 + -7 - 3) + -3.
-8
Calculate 13 + 0 + 6 + 0 + -8.
11
What is the value of (7 - 0) + -7 + 4?
4
-4 - -4 - (-1 + 6)
-5
What is the value of 6 + -1 + 1 - 3?
3
Evaluate 3 - 7 - (-2 + 1).
-3
What is the value of -6 + 1 - (-29 + 26)?
-2
(-5 - 0) + 5 + 3
3
Calculate (2 - 1) + 4 + 0 + -6.
-1
Calculate (13 - 9) + -3 + 0.
1
Evaluate 0 + (-4 - 3) + 4.
-3
-3 + 6 - ((2 - 3) + 3)
1
Evaluate 59 - 71 - (-5 - 0).
-7
(-4 - (-4 + -2)) + 1
3
Evaluate 0 + 0 + 1 + -15 + 5.
-9
Calculate (-5 - (4 - 14)) + 5.
10
What is the value of -5 + (3 - (6 + -6))?
-2
What is the value of (88 - 81) + (-8 - 2)?
-3
What is the value of -6 - (6 + -4 - 5)?
-3
What is the value of (-8 - 1) + (-18 - -30)?
3
(2 - (1 - 3)) + 3 + -6
1
What is 4 + (7 - (14 - 0))?
-3
Evaluate 7 + -2 + 6 + -2 - 6.
3
What is -72 + 62 + 18 + -3?
5
What is the value of (4 - 1) + 18 + -23 - 0?
-2
What is the value of -18 + 12 + 4 - (1 + -3)?
0
-2 + 3 + 3 + (-8 - -2)
-2
5 + 1 - (4 + 0 - 2)
4
What is (8 - -2) + -11 - (2 + 1)?
-4
3 + (6 - 9) - (0 + 6)
-6
What is (-36 - -43) + (-5 - 1)?
1
What is the value of -2 + 8 + -2 - 5?
-1
Calculate -27 - -24 - ((1 - 0) + 1).
-5
1 - (-8 - -8 - -1)
0
Evaluate -3 - -15 - (-3 + 10) - 2.
3
What is -4 + (-3 - (-3 + -7))?
3
Calculate -5 + -3 - -15 - 1.
6
What is (-6 + 0 - -8) + 2?
4
What is the value of (6 - (3 - 1)) + (2 - 2)?
4
What is -5 + (2 - -7 - 4)?
0
What is the value of 1 + -8 + -6 + 12?
-1
What is the value of (-9 + 5 - -1) + -2 - 0?
-5
What is the value of -3 - (5 - 4 - (0 + 6))?
2
Calculate 5 + -1 + (-6 + 3 - 0).
1
Evaluate (1 - ((3 - 3) + 3)) + 0.
-2
What is -3 + -2 - (-2 - 0)?
-3
(5 - (-5 + (-4 - -4))) + -7
3
What is -3 + (1 - -2) - (1 - 3)?
2
What is -7 + (-2 - (-9 - -3 - -2))?
-5
(41 - 44) + (2 + 5 - 2)
2
What is 9 + -8 - -14 - 24?
-9
What is the value of 0 - 0 - (3 - 5)?
2
What is the value of 2 - -2 - 3 - -2?
3
6 - (-6 + (-1 - -7) + -1)
7
Calculate -6 + 1 + (12 - 6) + -4.
-3
Calculate 15 + 5 + -18 + 0 + 4.
6
What is -1 + -6 - ((-16 - -11) + -8)?
6
2 + 1 + -3 + 1
1
What is the value of -4 + 0 + -1 + 3 + -3?
-5
What is 1 - 1 - (-5 - (-8 + 4))?
1
What is the value of (-3 - 2) + (4 - -1) + -2?
-2
-7 - (4 + -26) - 9
6
What is -5 - (-4 + 4 + -6)?
1
4 + -2 + (-4 - -5) + 1
4
What is the value of 0 + -1 + 5 + -8?
-4
Calculate (-43 - -45) + (1 - (0 - 1)).
4
4 - (-11 + 16 - (-7 + 1))
-7
11 + (-7 - 3) + 1
2
-5 + 0 + (0 - -3)
-2
Calculate (10 - (2 - -11)) + (-1 - -6).
2
Evaluate 5 + (-3 - (-1 - -1)).
2
2 - (4 + -4 + 8 + -3)
-3
Calculate -9 + 0 + 7 - (-1 + -3).
2
Calculate -10 + 20 + -8 + 0.
2
What is the value of 188 - 190 - (1 + -2)?
-1
What is (12 + 2 - 10) + 1 + -2?
3
4 - (8 + 2 - -1)
-7
Evaluate -7 + 9 + (-15 - -9).
-4
Calculate 0 - 5 - (-4 - 1).
0
Calculate (9 - 2) + (-2 - 1).
4
1 + 2 - (0 + 0)
3
Calculate 1 - (-1 + 0 + 4 + 0).
-2
What is -7 - (-1 - (5 + -1))?
-2
Evaluate (-2 - 2 - -2) + (2 - 3).
-3
What is the value of 5 + 10 + -23 + 9?
1
(25 - 32) + (-1 - -13) - 1
4
Calculate 5 + (7 + -2 - (-3 - -8)).
5
What is 5 + (3 - 7 - 0)?
1
-3 - (-2 - -5) - -3 - 1
-4
Evaluate -1 + 6 + (2 - 5).
2
What is (-1 - -6) + -2 + -3?
0
Evaluate (-3 - 1) + (7 - 8 - 0).
-5
Evaluate 0 - 3 - (-6 - (-3 + -5)).
-5
Evaluate 0 - ((2 - (-3 - -6)) + -4).
5
Calculate -3 + (3 + 1 - 1).
0
Calculate -4 - (-8 + 8 + -4) - 3.
-3
What is the value of -40 - -47 - (4 + 2)?
1
What is 4 - 4 - (0 - (2 - -2))?
4
Calculate 8 + 10 + 11 + -24.
5
What is the value of -4 + 8 + -1 + -4 - 3?
-4
What is ((1 - -1) + -3 - -4) + 1?
4
Evaluate 68 + -74 + (4 - (-2 - -4)).
-4
Evaluate 2 + (-4 - -3) + 2.
3
What is 1 - 2 - (-1 + -1 - -6)?
-5
What is (-6 - (-2 - 4)) + 1?
1
What is the value of (-4 - 2) + (0 - -1)?
-5
What is (2 - 6 - -1) + -13 + 11?
-5
Calculate (3 - 5) + -5 + (4 - -4).
1
What is the value of -1 + 7 + (-7 - (11 - 6))?
-6
Calculate 13 - (-5 - (-3 - 9)).
6
What is 11 - 7 - (1 + 0)?
3
Evaluate -3 + 1 + -4 - (-5 + 0).
-1
1 + -3 - (1 + 1)
-4
Calculate -2 - ((2 - 1) + 0 - -2).
-5
Calculate 11 + -4 - (46 - 35).
-4
Calculate 32 + -26 - (2 - (1 + -2)).
3
Calculate 0 + 7 + 4 + -25 + 22.
8
What is the value of 0 + -6 + -10 + 13?
-3
What is the value of 3 + 0 + (3 - 1)?
5
Evaluate (0 - 1) + (5 - 8) + 5.
1
What is 1 + 0 + -6 + 0 + 6?
1
What is (-18 - -7) + 3 + 1?
-7
What is 6 - (0 + -7 + 11 - 6)?
8
11 + -4 + (4 - 13)
-2
3 - 0 - (4 - 3) - 3
-1
What is (-7 - -5) + (-1 - -8)?
5
What is the value of (4 - -6) + -8 - 10?
-8
Calculate -1 + (-5 - -11) + -11 + 0.
-6
Evaluate 142 + -154 + 1 + 18.
7
Evaluate 0 + 2 - (2 + 12 - 10).
-2
Calculate -6 + 4 - (0 + 0) - -2.
0
Evaluate 10 + -14 - -4 - 9.
-9
3 - (-7 - (-1 + -2)) - 2
5
Calculate (3 + 9 - 6) + 0.
6
Calculate 1 + 4 + (8 - 16).
-3
What is the value of 8 - 15 - (1 + -4)?
-4
What is the value of -2 - (2 + 2 - 12) - 3?
3
-11 + (25 - (5 - -5))
4
What is -11 + 11 + (4 - 1)?
3
What is (0 - -6 - 2) + -6?
-2
Evaluate 97 - 107 - (-19 + 1).
8
What is the value of 9 + -7 - 13 - (-1 - 4)?
-6
What is the value of 4 - (-7 + 9 + 5)?
-3
13 + (-17 - (-5 + -8 + 5))
4
Calculate 62 - 54 - (17 - 1).
-8
What is the value of -16 + (-3 - -10) - -8?
-1
Calculate -7 - (-6 + 4) - (22 + -21).
-6
What is the value of -13 + (14 - 4) - -3?
0
Evaluate 8 + -6 + 2 - (6 + 1).
-3
What is (4 - (3 - 1)) + (52 - 55)?
-1
What is -2 + 4 - (13 + -20)?
9
Calculate 1 - -1 - (8 + -3 + -3).
0
What is the value of -2 - (-2 - (7 - 7))?
0
Evaluate 0 + (-8 - (-14 - -6)).
0
Calculate 0 + -1 + -3 + 7 + -2.
1
Calculate 4 + (1 - 2 - 3) + 3.
3
Calculate -2 - (3 + -11 + 2).
4
(3 - 4 - -5) + (0 - 0)
4
Calculate 26 - 37 - (0 - 19).
8
What is (0 - (2 + -1 + -4)) + 2?
5
What is the value of 9 + 1 + -2 - 0 - 4?
4
What is the value of 8 + (-7 + -3 - -7)?
5
Evaluate -1 + 5 + 8 + (6 - 17).
1
What is the value of 8 + (3 - (6 - 0))?
5
Evaluate 1 + -6 + 6 + 4 + -1.
4
What is (1 - 1) + 49 + -57?
-8
Calculate -2 + (5 - 3) - -2.
2
Calculate (-3 - (5 - 3 - 4)) + -4.
-5
What is the value of -10 - (-7 - -1) - 1?
-5
What is the value of 2 + -3 - (-7 + 5)?
1
2 + 1 + 3 + -4
2
What is the value of 2 + -5 - (-6 - (0 - -2))?
5
Calculate 3 - -4 - (-2 - -6).
3
Calculate -2 + 3 - (8 + (-2 - -2)).
-7
Calculate -6 - (-2 - (5 + -3)).
-2
What is the value of 1 + (-2 - -3) - (-24 + 25)?
1
Evaluate -5 - -10 - (1 - (-2 - -1)).
3
What is the value of -5 + 16 + -15 + 0 + 4?
0
What is 1 + (-13 + 17 - 9)?
-4
Evaluate (-6 - 7) + 6 - -4.
-3
What is -2 - (-3 + -1 + 1) - 9?
-8
Calculate -1 - (-5 + 1) - (7 + 1).
-5
Evaluate 2 + -1 + (-8 - (0 - 4)).
-3
What is 1 - 5 - -1 - -2?
-1
What is the value of (8 + -14 - (0 - -3)) + 1?
-8
What is 4 + -1 + -2 + -4 + 3?
0
What is the value of (1 - (5 + -7) - -2) + -8?
-3
-1 + (4 - 3) + 1
1
Evaluate -2 - -4 - (0 + 2).
0
-6 + 3 + 0 + 2 + -3
-4
Calculate -6 + 7 + 2 + -5 + 8.
6
Calculate -9 - (-14 + 16 + -13).
2
Evaluate 2 + -13 + (16 - 16) + 5.
-6
Evaluate -10 - (-5 - -19 - 29).
5
Calculate -5 + 0 + 4 + -1.
-2
(1 - 3) + 3 - (-13 + 11)
3
(-5 + -4 - -6) + 8 + -10
-5
Calculate 3 + (-7 + 4 - -3) + 2.
5
What is -5 + 7 - (12 + -9)?
-1
What is (1 - -3) + -43 + 45?
6
What is the value of 1 + (7 - 3) 